Let j = 10 - 5. Let n = 43 + -39. Suppose h + n = j. Give y(h).
-8
Let u(i) = -i + 14. Let a(h) = -h + 26. Let x be a(14). Suppose -2*c - 3*c + 30 = 0. Let w be c/x*(0 - -12). Determine u(w).
8
Suppose -y - j - 4 = -0, 2*y + 4 = -j. Let l(k) = -5*k**2 + 2*k - 3*k + 7 - 3*k. Let f(a) = 11*a**2 + 9*a - 15. Let z(i) = -4*f(i) - 9*l(i). Give z(y).
-3
Let j(o) = -o**2 - 1 + 3*o + 4*o - 8*o. Let d be (-28)/((-2)/(3 + -2)). Suppose i - 5*i - d = -t, 2*t = 2*i + 4. Give j(t).
-3
Let a(p) = p**3 - 3*p**2 - 2*p + 1. Let f be -2 + 2 + 1 - 1. Let d = 43 + -38. Suppose -5 = -5*r - 4*n + 26, f = -4*r + d*n - 8. What is a(r)?
-5
Let n(m) be the first derivative of -m**4/4 - 7*m**3/3 - 3*m**2/2 - 6*m - 25. Suppose 0 = 10*q + 2*q + 72. Calculate n(q).
-24
Let b(k) = 2*k - 4. Let a(v) be the third derivative of v**4/8 - 5*v**3/6 - 4*v**2. Let t(z) = -3*a(z) + 4*b(z). What is t(-5)?
4
Suppose -2*y = 5*j + 8, 4*y - 5*j + 5 = -11. Let o be (y/(-8))/((-3)/(-6)). Suppose -r + 3 = -o. Let n(c) = c**3 - 3*c**2 - 4*c + 1. Calculate n(r).
1
Let k(z) = 2*z - 10. Let g be k(4). Let y be 0 - 1 - (g - (4 + -3)). Let q(d) = -6*d - 1. What is q(y)?
-13
Suppose -3*z + 0*a + 24 = 3*a, 3*a = -3. Suppose -4*n + z = -11. Let u(v) = -6*v - 7 - 10*v**2 + 3*v**2 + 8*v**2. Calculate u(n).
-12
Let w be 16/(1/(4 - 3)). Let c(j) = w*j**2 - 288*j + 288*j - 1. Calculate c(-1).
15
Let y be (5/15)/((-2)/(-36)). Let o(c) be the second derivative of c**4/12 - c**3 + 4*c**2 + 8*c. Determine o(y).
8
Let t(p) be the second derivative of p**4/12 + p**3 + 3*p**2/2 - 3*p + 3083. Let v = 14 - 10. Suppose v*d + 15 - 3 = 0. Calculate t(d).
-6
Let l(x) = -x**2 + 3*x + 2. Let p be l(3). Let q(b) = -3*b**2 + 2*b**p + b + 2*b - 6*b - 2. What is q(-4)?
-6
Let z(o) = -4*o - 1. Suppose 4*g - 8 = 0, -3*l + 5*g - 25 = -9. Determine z(l).
7
Let g(v) = -9*v**3 - v. Let m be 3 + 3*2/(-3). Let y be m/6 + (-35)/30. Give g(y).
10
Suppose -3*p - 67 = 5*d, 4*d = 5*d + 4*p + 10. Let f be 2 - 7/(d/4). Let u(o) = -10 + o - 3 - o**2 - 5 + f. Calculate u(0).
-14
Let a(i) be the first derivative of -i**5/40 + i**4/4 - i**3/3 + 3. Let w(t) be the third derivative of a(t). Let c = -171 - -175. Calculate w(c).
-6
Let i(x) be the first derivative of -x**4/4 + 2*x**3 - 3*x**2 + 119. Calculate i(5).
-5
Let z be 20/15 - ((-10)/6 + 0). Let m(g) = -5*g**3 - 9 - 6*g**2 + 76*g - 80*g + 4*g**z. What is m(-6)?
15
Let w(o) = o**2 + 8*o + 1. Let j = -20 - -37. Suppose 5*t + 27 = 147. Let r = j - t. Give w(r).
-6
Suppose -l - 2*l = -27. Let o(r) = -5 + 2*r**2 - l*r**2 - 2*r + 3*r**2 - r**3. Calculate o(-4).
3
Let n(y) = -y**2 + 8*y - 7. Let f(s) = -s**3 - 8*s**2 + 32*s - 6. Let x be f(-11). Suppose -5*o + 35 = 5*h, -x*o = 3*h - 0*h - 31. What is n(o)?
8
Let t(p) = 20919*p**2 - 2*p + 5*p - 20914*p**2 + 4 + p + 10*p**3 - 9*p**3. Suppose 3 = -2*f + 5*s, -f + 11 = -3*f - 3*s. What is t(f)?
4
Let s(d) = -5 + d**3 + 3*d**3 + 2*d**2 + 4 + 5*d**3. Suppose -4*g + 5*z - 1 = 3, z = 0. Calculate s(g).
-8
Let u be (4 + -2)*2/4. Let k(m) = -32*m**2 - 1 + 2*m**3 - 23*m**2 - 28*m**2 + 81*m**2 + 2*m. Calculate k(u).
1
Let v = -19 - -40. Let g = -3 - 14. Let i = v + g. Let j(x) = -x**3 + 3*x**2 + 2*x + 4. What is j(i)?
-4
Let u be 5 + 5 + -1 + -4. Let s(n) = -n**3 + 4*n**2 + 6*n + 5. Calculate s(u).
10
Let c = -30 + 50. Suppose 0 = -4*x + 4*d - 20, -4*x + 7*d = 5*d + c. Let m(n) = n**3 + 6*n**2 + 3*n - 4. Calculate m(x).
6
Let o(h) be the second derivative of -h**8/6720 - h**7/630 - h**6/180 - h**5/24 + 29*h**4/12 + 3*h. Let n(r) be the third derivative of o(r). Calculate n(-4).
11
Let d(q) = 2*q**3 + 3*q**2 - 2*q. Let j = -181 - -178. Give d(j).
-21
Let v(d) be the second derivative of d**4/12 + 4*d**3/3 - 3*d**2/2 - 2*d. Let t(m) = m**3 - 7*m**2 + 6*m + 13. Let r be t(5). Calculate v(r).
-10
Let r(l) be the first derivative of -l**6/120 - l**5/60 + 5*l**4/24 - l**3/2 - 17*l**2/2 + 5. Let o(m) be the second derivative of r(m). What is o(3)?
-24
Let r(v) = -8*v - 3. Suppose 4*u - 3*u = 65. Suppose i + u = -4*i. Let s = -15 - i. Determine r(s).
13
Let g(a) = -10*a**3 - 2*a**2 - 2*a - 1. Let r(f) = -f**2 - 5*f + 5. Let d be r(-6). Give g(d).
9
Let m(r) = r**3 - 4*r**2 + 2*r + 1. Let h = -522 - -525. What is m(h)?
-2
Let u = -3 + 5. Let c(z) = -z**2 + z + 1. Let w(y) = -y**2 + 3*y. Let x(r) = u*c(r) - w(r). Calculate x(-3).
-4
Let q be (36/(-54))/(2/21). Let h(y) = -y**2 - 7*y + 1. Determine h(q).
1
Let x(q) = -14*q**2 + 1. Let p be x(1). Let g = -8 - p. Let f be (0 + 0)/(g - 3). Let o(n) = -n**3 - n**2 + 7. Give o(f).
7
Suppose -8*n = -3*n - 20. Suppose x + 1 = 6. Let m(a) = x - n + a - 2*a + 3. Calculate m(5).
-1
Let b = 154 - 151. Let h(d) = 2*d**2 - 6*d - 4. What is h(b)?
-4
Let j(m) be the second derivative of -9*m + 0 + 7/6*m**3 + m**2 + 1/12*m**4. Give j(-6).
-4
Suppose -5 - 1 = -3*s. Let q be 2/2*(s - -25). Suppose -b - 2*l = -3*l - 1, -3*b = 3*l - q. Let d(m) = m**2 - 4*m - 6. Give d(b).
-1
Let n(s) = -s**3 + 5*s**2 + s - 1. Let p be n(5). Suppose -p = t - c, -1 - 19 = -4*c. Let u(d) = d - 1. What is u(t)?
0
Let o(d) be the first derivative of d**4/12 - 7*d**3/6 - 11*d**2/2 + 10*d + 4. Let n(y) be the first derivative of o(y). Determine n(8).
-3
Let n(v) = v**2 + 6*v + 1. Let w = 104 - 108. Calculate n(w).
-7
Let r(b) = -3*b**3 - b**2 + b - 1. Let n(z) = -z**2 - 5*z - 1. Let u be n(0). Let p be (-9)/9*1*u. Calculate r(p).
-4
Let y(w) be the second derivative of -w**3/3 - w**2/2 - 5*w. Let z be (3 - 0 - 4)*1. Calculate y(z).
1
Let b = -20 - -16. Let a be (6/b)/(7/(-14)). Let u(m) = m**3 - m**2 - 3*m - 1. Calculate u(a).
8
Let r(u) = 3*u + 1. Let y = 412 + -414. Calculate r(y).
-5
Let k(g) = 5*g**2 - 4. Let z(j) = -12*j**2 - j + 5. Let l(w) = 5*k(w) + 2*z(w). Calculate l(-3).
5
Let r(w) = -991*w**3 + 2 - 4 + 992*w**3 - w**2 + w. Give r(0).
-2
Let b(k) be the second derivative of 1/20*k**5 + 1/6*k**3 + 1/2*k**2 + 3*k - 1/4*k**4 + 0. Determine b(3).
4
Let t(l) = 14 - 41 - 5*l**2 + 6*l**2 + 20 + 18 - 16*l. Determine t(15).
-4
Let g(i) = -3*i + 1. Let c = -14 + 3. Let o(r) = r**3 + 11*r**2 + 3. Let z be o(c). Let y be ((-6)/(-4))/(z/10). Determine g(y).
-14
Suppose 2*s - 4*d = d + 7, -3*d = -3*s - 12. Let f(t) = -t**2 - 3*t + 56. Give f(s).
2
Let c = 15 - 11. Let a(t) = -2*t - 5. Let p be a(-5). Let g(f) = -2*f**2 + 13. Let b(s) = -s**2 + 6. Let v(o) = p*b(o) - 2*g(o). Give v(c).
-12
Let y = 68 + -73. Let u(b) = -3*b**3 - 22*b**2 - 16*b + 13. Let h(f) = 2*f**3 + 15*f**2 + 11*f - 9. Let g(a) = y*u(a) - 7*h(a). What is g(-4)?
2
Let a(m) be the second derivative of m**5/20 - 5*m**4/12 + 5*m**3/6 - m**2 - 126*m. Let j be 1/(-1) - (-8)/2. Determine a(j).
-5
Let w(r) = -5*r + 4*r + 5 + 0*r - 6. Give w(3).
-4
Let v(z) = -13*z**3 + 4*z**2 + 5*z + 3. Let c(o) = -2*o**3 - o**2 + o - 1. Let u(i) = 6*c(i) - v(i). What is u(10)?
1
Let l(k) = -k**3 - 6*k**2 + k - 5. Let h(w) = -w**3 + 6*w**2 - 2. Let p be h(6). Let s = -254 + 258. Let x be s/((-8)/3 - p). Calculate l(x).
-11
Let j(k) = k**3 - 8*k**2 + 9*k - 9. Let g be j(7). Let s(o) = 5 - 21*o + 5*o + 9*o + g*o. What is s(4)?
-3
Suppose -15 = -3*i + 2*s, -2*i = -4*s - s - 10. Let m(w) = 3*w - 2. Calculate m(i).
13
Let o(n) = -4*n**2 - 4*n - 3. Suppose -b = 4*s - 9, -2*b = 5*s + 3 - 12. Determine o(b).
-27
Let h = -40 - -51. Let p(f) = 6*f - h*f**2 + 3*f + 14 + 18*f**2 - 8*f**2. Determine p(10).
4
Let p(b) be the second derivative of -b**5/20 - b**4/12 - b**3/6 + 3*b**2 - 7*b. Let j(t) be the first derivative of p(t). What is j(-1)?
-2
Let f(b) = -b - 6. Let j be f(13). Let o = 20 + j. Let i(r) = r. Let d(q) = -7*q + 4. Let v(g) = o*d(g) + 6*i(g). Determine v(5).
-1
Let h(r) = -10*r + 1. Let f(b) = 28*b - 3. Let j be (-138)/(-8) - (5 - 57/12). Let m(w) = j*h(w) + 6*f(w). What is m(-6)?
11
Let g(k) = -3. Let a(h) = h - 4. Let z(x) = -2*a(x) + 3*g(x). Suppose 0 = -0*p - 2*p - 6. Calculate z(p).
5
Let z(i) = -3*i - 4 + 6*i**2 - 3 - i**3 + 4. Let f = 83 + -30. Suppose 5*w - f + 28 = 0. Calculate z(w).
7
Let z(f) = -31*f - 8. Let n(v) = -11*v - 3. Let m(u) = -17*n(u) + 6*z(u). Determine m(6).
9
Let n(v) be the second derivative of -7/2*v**2 + 1/6*v**3 - 2*v + 1/20*v**5 + 1/12*v**4 + 0. Let g(y) be the first derivative of n(y). Give g(-1).
2
Suppose -4*q + m - 2*m = 3, 4*q = 2*m - 18. Let y(v) be the second derivative of -